s of j?
2, 29, 47
Suppose -o - 2*o + 5*w = -6, 3*o = -5*w - 24. Let z be (-37)/(o - (-8)/2). Let x = -24 - z. List the prime factors of x.
13
Let f(m) = 8*m**2 - 3*m - 2. Suppose 7 = 2*o - 9. Suppose -1 - o = 3*i. What are the prime factors of f(i)?
79
Let x = -109412 - -155987. List the prime factors of x.
3, 5, 23
Suppose -4*i = 9*i + 65*i - 1142154. List the prime factors of i.
3, 1627
Suppose -22*m = -2*r - 18*m + 2, 3*r - 5*m - 1 = 0. List the prime factors of (-1 + (2 - -1))*(389 + r).
2, 193
Let t = -43 - -49. Suppose 10*w - t*w = 540. Let l = -91 + w. What are the prime factors of l?
2, 11
Let y(t) = -23*t + 649. Let b be y(0). What are the prime factors of 140 + b - (1/1 - -3)?
5, 157
Let n(f) = -f**3 + 41*f**2 + 40*f + 183. Let m = -378 + 420. List the prime factors of n(m).
3, 11
Let w(p) = -452*p**3 - 2*p**2 + 7*p - 21. List the prime factors of w(-4).
7, 13, 317
Suppose 0 = 2*j - 3*k - 380, j + 11*k - 7*k = 179. Suppose 0 = 8*d - j + 27. List the prime factors of d.
2, 5
Let x(t) be the first derivative of 140*t**2 + 10*t - 26. Let r be x(1). Let f = 408 - r. What are the prime factors of f?
2, 59
Let x(j) = 189*j**2 - 49*j + 248. List the prime factors of x(7).
2, 4583
What are the prime factors of 2/(-4)*(-6)/21 + (-686313)/(-63)?
2, 13, 419
Let d(m) = 219*m**3 + 7*m**2 - 867*m + 5245. List the prime factors of d(6).
47599
Let p(r) = -4*r**2 + 14*r + 21. Let t(d) = 3*d**2 - 14*d - 20. Let u(m) = -4*p(m) - 5*t(m). Let w be (-18)/(-12) + (-58)/4. What are the prime factors of u(w)?
3
List the prime factors of (-76199)/(-46) + (-65)/(-10).
1663
Let y be (-6)/54*-42 + (-4)/6. What are the prime factors of ((-39592)/(-112))/(1/y + 0)?
2, 7, 101
Suppose -118*l + 65*l - 19727 + 955230 = 0. List the prime factors of l.
19, 929
Suppose 9*z - 33334 + 9394 = 0. What are the prime factors of z?
2, 5, 7, 19
Let n(h) = -831*h - 225. List the prime factors of n(-2).
3, 479
Let p(v) = 1204*v + 11572. What are the prime factors of p(26)?
2, 3, 397
Let a(d) = 27*d + 208. Let j = -433 + 445. What are the prime factors of a(j)?
2, 7, 19
Let s(l) be the first derivative of -l**4/4 - l**3/3 - 3*l**2/2 + 34*l - 153. List the prime factors of s(-9).
709
Let m(x) = -x**3 + 13*x**2 - 12*x - 12. Suppose -2*f = -5*f + 9. Let l be f/4*2/3*22. List the prime factors of m(l).
2, 7
Suppose 3*u - 2*u + 2*h = 1736, u + 4*h = 1742. Suppose 0 = 3*k + 5*d - u, -k + 4*d + 571 = -0*k. List the prime factors of 3*-1 - k/(-5).
2, 7
Let r(p) = p**2 - 123*p - 2020. What are the prime factors of r(-88)?
2, 3, 7, 197
Let o(b) = 5*b**2 + 6*b - 13. Let w(y) = y**3 + 20*y**2 - 41*y + 62. Let k be w(-22). What are the prime factors of o(k)?
43
Let y be (44/(-99))/((-4)/18). Suppose -2*v + 5*v - 14 = -h, y*v = 4*h. Suppose 0 = h*m - 5*g - 261, 211 = -3*m + 5*m + 5*g. List the prime factors of m.
2, 59
Let o be 4/28 - 5630/14. Let i = o + 732. List the prime factors of i.
2, 3, 5, 11
Suppose -4*l + 17 = -5*p, 4*l + 15 = -3*p - 8. Let s(u) = u**3 - 5*u**2 - 9*u + 10. Let g be s(8). List the prime factors of 6 - 8 - g/l.
3, 7
Suppose s + 4*l = -736, -s + 2*l - 711 = l. Let a be 0 + (-1)/1 + -1 - s. Suppose -a = -7*p + p. What are the prime factors of p?
7, 17
Let v(j) = 239*j**2 - 711*j - 9. What are the prime factors of v(9)?
3, 1439
Suppose -5*v - 65 = -8*n + 3*n, 0 = -2*v - 2*n - 6. Let j(b) = -3*b**3 - 16*b**2 - 16*b + 11. What are the prime factors of j(v)?
3, 7, 31
Suppose 59 = c - 2*q - 375, 3*c + q = 1274. List the prime factors of c*-3*(-4)/18.
2, 71
Let w be (1/(-2))/((-14)/28). Let x(c) = -7 - 4 + 64*c - w. List the prime factors of x(4).
2, 61
Let r = 136 + -79. Suppose 51*d + 2022 = r*d. List the prime factors of d.
337
Let p(g) = g**3 + 71*g**2 - 271*g - 232. List the prime factors of p(-74).
2, 1697
Suppose 5*a + 6*k - 11*k - 14850 = 0, 5*k = 4*a - 11883. List the prime factors of a.
3, 23, 43
Let a(v) = -v**2 + v + 35. Let i be a(-5). Suppose 1437 = i*n - z, 2*z - 3*z = 3*n - 867. List the prime factors of n.
2, 3
Let w = 31881 - -17164. List the prime factors of w.
5, 17, 577
Let s(t) = 7*t**2 + 14*t + 4. Let w(l) = -l**2 + 1. Let o(m) = -s(m) - 6*w(m). Let v be o(-12). Let h = 2 + v. What are the prime factors of h?
2
Let s be (-62)/(-6) + ((-4)/(-6) - 1). Suppose 3922 = s*w - 508. What are the prime factors of w?
443
Suppose -4*p - 41*t = -44*t - 21898, -27367 = -5*p + t. Let b = p - 3855. List the prime factors of b.
2, 809
Suppose -74*k = -66*k. Let s be 1 + (-4 - -2) + 4. What are the prime factors of s - -1*(k + 46) - -1?
2, 5
Let r be (511/7 - (-2)/(-2)) + -2. Let g be ((-3)/12*-2)/(3/(-36)). Let k = r - g. List the prime factors of k.
2, 19
Let k(t) = -583*t + 266. Let m be k(-28). Suppose g - m = -20*g. What are the prime factors of g?
2, 5, 79
Let j(k) = -k**3 - 8*k**2 - 2*k + 13. Let q be j(-8). Suppose 4*r + 92 = -3*p, -3*r = -3*p + 4*p + q. Let h = p + 129. List the prime factors of h.
97
Suppose -v - 2*g - 23 + 29 = 0, -v + 3*g = 14. List the prime factors of ((-3)/(-2))/(v - (-4050)/2020).
3, 101
Let v(r) = -r**3 - 3*r**2 + 4*r + 16. Let u be v(-4). Suppose -9*c + u*c = 2772. List the prime factors of c.
2, 3, 11
Let z = -6215 + 10552. Suppose 15*v - 3928 - z = 0. List the prime factors of v.
19, 29
Let v = 5120 - 1819. What are the prime factors of v?
3301
Let n(p) = 557*p**2 - 3625*p - 29. List the prime factors of n(16).
103, 821
Let s(f) = 8*f + 0*f + 6*f**2 - 5*f - 4*f - 25. Let o be s(-4). Suppose b - 2*p - 12 = o, b + p = 90. List the prime factors of b.
89
List the prime factors of 20*12/(-180)*-9993*1.
2, 3331
List the prime factors of (7276/51)/((-20)/(-1095)).
73, 107
Let t = -11 - -78. Let h = t - 68. What are the prime factors of (-1 - 1)*120/h?
2, 3, 5
Suppose 11*q = 4*q + 2*q + 26910. List the prime factors of q.
2, 3, 13, 23
Suppose -5*m + 11*t + 89853 = 10*t, 5*m = 2*t + 89856. What are the prime factors of m?
2, 3, 5, 599
Let b(k) = -k + 2. Let r be b(4). Let g(o) = o**3 + 19*o**2 + 34*o + 40. Let j be g(-17). List the prime factors of -3*(r - j/6).
2, 13
Let r(g) = 13*g - 18*g - 17*g + 1. Let k(f) = -f + 1. Let x(i) = -5*k(i) - r(i). What are the prime factors of x(3)?
3, 5
Let w(l) = -3*l**3 - 31*l**2 - 7*l + 26. Let u(b) = -b**3 - 16*b**2 - 4*b + 13. Let f(y) = -11*u(y) + 6*w(y). What are the prime factors of f(-4)?
293
Suppose 5*f + 74340 = 4*a, -37164 = -2*a - 16*f + 17*f. What are the prime factors of a?
2, 5, 929
Suppose 1102*r - 1059*r = 1499840. What are the prime factors of r?
2, 5, 109
Suppose -102*n + 537930 = 113304. List the prime factors of n.
23, 181
Let u(z) = 3*z**3 + 50*z**2 + 13*z + 23. Suppose 0 = 33*l - 57*l - 384. List the prime factors of u(l).
3, 109
Let h = -225 - -267. List the prime factors of (7/h*-321)/((-2)/16).
2, 107
Let h be 2 - (-3 - (-4 + 2)). Let y be 4/(-6) - (-546)/63. Suppose h*j = y*j - 60. List the prime factors of j.
2, 3
List the prime factors of 15/((-1155)/(-1087867)) + 16/(-14).
3, 17, 277
Suppose 0 = -4*w - 2*d + 226, -115 = -2*w + 3*d - 2*d. Let h = -144 + 146. Suppose h*r = -i + 89, -i - i = -r + w. What are the prime factors of r?
47
Suppose -21*z = 9*z + 840. Let p = z + 51. What are the prime factors of p?
23
Suppose -9*g + 36249 = -165. List the prime factors of g.
2, 7, 17
Let y(v) = 45*v**2 + 18*v - 42. Let n be y(4). Let s = n + -728. What are the prime factors of s?
2, 11
Let q(o) = 2*o**3 - 15*o**2 - 6*o - 11. Let u be q(8). Suppose 0*w + 2057 = 3*w - 2*k, u*w - 3425 = 4*k. Let b = w + -408. What are the prime factors of b?
281
Suppose -29*b - 35280 = -17*b. List the prime factors of (24/(-15))/(8/b).
2, 3, 7
Let t = 761 + -723. What are the prime factors of -190*(8 - t/4)?
3, 5, 19
Suppose -z + 9790 = 8*t, 3*z + 2*t = 45452 - 15994. List the prime factors of z.
2, 3, 1637
Let n(w) = -w**3 + 9*w**2 + 21*w + 13. Let d(k) = 2*k + 83. Let x be d(-17). Suppose 14*t - x = 77. What are the prime factors of n(t)?
2, 101
Let x(w) be the second derivative of -4*w**3/3 + 146*w**2 + 212*w. What are the prime factors of x(-39)?
2, 151
List the prime factors of 4 + (-110364)/(-6) - 7.
53, 347
Let k = 165693 + -68831. List the prime factors of k.
2, 19, 2549
Suppose -3*w = -3*l + 5223, -6*l + 2*l + 6964 = -2*w. Suppose 3*d = -2*m + l, -5*m - 513 - 616 = -2*d. List the prime factors 